3 a factor of 1155?
True
Is 3561 a multiple of 25?
False
Is 67016 a multiple of 196?
False
Is 26676 a multiple of 36?
True
Does 10 divide 200?
True
Is 50 a factor of 714?
False
Does 5 divide 36?
False
Is 1448 a multiple of 17?
False
Is 688 a multiple of 31?
False
Is 56 a factor of 702?
False
Does 18 divide 1693?
False
Is 341 a multiple of 5?
False
Is 6390 a multiple of 90?
True
Is 2 a factor of 2703?
False
Is 25 a factor of 123?
False
Is 5882 a multiple of 31?
False
Is 24022 a multiple of 11?
False
Is 2023 a multiple of 17?
True
Is 17812 a multiple of 73?
True
Is 6 a factor of 5490?
True
Is 20 a factor of 217?
False
Is 66 a factor of 3734?
False
Is 553 a multiple of 10?
False
Is 16 a factor of 640?
True
Does 29 divide 2222?
False
Is 18035 a multiple of 49?
False
Is 207 a factor of 14138?
False
Is 47 a factor of 41068?
False
Does 52 divide 2132?
True
Is 40 a factor of 54680?
True
Does 26 divide 1092?
True
Does 15 divide 4663?
False
Is 8 a factor of 136?
True
Is 2 a factor of 288?
True
Does 290 divide 27655?
False
Is 18 a factor of 2030?
False
Is 258 a factor of 34902?
False
Does 7 divide 35?
True
Is 3465 a multiple of 11?
True
Is 195000 a multiple of 39?
True
Does 3 divide 266?
False
Is 49 a factor of 1078?
True
Does 16 divide 1680?
True
Is 72 a factor of 8784?
True
Does 331 divide 25383?
False
Is 2722 a multiple of 63?
False
Does 25 divide 680?
False
Does 28 divide 409?
False
Is 5 a factor of 37?
False
Is 13500 a multiple of 18?
True
Is 5 a factor of 554?
False
Is 128 a multiple of 8?
True
Is 8 a factor of 914?
False
Does 31 divide 50938?
False
Is 19 a factor of 109554?
True
Does 20 divide 6106?
False
Is 46 a factor of 41032?
True
Does 7 divide 3031?
True
Is 1896 a multiple of 61?
False
Is 19 a factor of 27?
False
Is 179 a multiple of 13?
False
Is 20779 a multiple of 11?
True
Is 29 a factor of 33582?
True
Is 2361 a multiple of 2?
False
Does 13 divide 6416?
False
Is 136 a factor of 894?
False
Is 15 a factor of 4514?
False
Is 1104 a multiple of 12?
True
Is 4328 a multiple of 12?
False
Is 31372 a multiple of 124?
True
Is 33 a factor of 165?
True
Does 32 divide 1007?
False
Does 13 divide 3341?
True
Is 135 a factor of 8640?
True
Is 641 a multiple of 18?
False
Is 34484 a multiple of 46?
False
Does 14 divide 412?
False
Is 17 a factor of 6385?
False
Is 27 a factor of 1431?
True
Is 3722 a multiple of 11?
False
Is 3332 a multiple of 68?
True
Is 8 a factor of 8?
True
Is 2 a factor of 103?
False
Is 73 a factor of 11260?
False
Is 122 a multiple of 2?
True
Does 71 divide 38697?
False
Does 145 divide 20678?
False
Is 344 a multiple of 8?
True
Is 18 a factor of 442?
False
Does 6 divide 774?
True
Does 13 divide 104?
True
Does 25 divide 425?
True
Is 513 a multiple of 3?
True
Is 79 a factor of 6083?
True
Is 21 a factor of 19761?
True
Is 2205 a multiple of 105?
True
Does 16 divide 4368?
True
Is 17 a factor of 748?
True
Is 70 a factor of 15622?
False
Does 23 divide 7071?
False
Does 3 divide 75?
True
Does 12 divide 58?
False
Is 26605 a multiple of 190?
False
Is 42020 a multiple of 10?
True
Is 17984 a multiple of 226?
False
Is 14970 a multiple of 10?
True
Is 2421 a multiple of 11?
False
Is 552 a multiple of 3?
True
Is 3 a factor of 2853?
True
Is 628 a multiple of 18?
False
Is 141 a multiple of 12?
False
Does 88 divide 7568?
True
Is 17 a factor of 273?
False
Is 4214 a multiple of 43?
True
Does 68 divide 6120?
True
Is 145 a factor of 69679?
False
Is 17 a factor of 195?
False
Is 70 a factor of 873?
False
Is 35 a factor of 2065?
True
Does 49 divide 9416?
False
Is 951 a multiple of 18?
False
Does 19 divide 8873?
True
Is 295 a factor of 103840?
True
Is 7000 a multiple of 50?
True
Does 34 divide 3706?
True
Does 18 divide 126?
True
Is 3 a factor of 565?
False
Does 25 divide 1075?
True
Is 240 a multiple of 11?
False
Does 166 divide 141598?
True
Is 97 a factor of 3577?
False
Is 30 a factor of 11880?
True
Is 534 a multiple of 15?
False
Is 15 a multiple of 5?
True
Is 44940 a multiple of 20?
True
Is 400 a multiple of 40?
True
Is 375 a multiple of 23?
False
Is 3 a factor of 638?
False
Is 24 a factor of 169?
False
Is 1286 a multiple of 10?
False
Does 38 divide 722?
True
Is 21414 a multiple of 18?
False
Does 80 divide 960?
True
Does 10 divide 1035?
False
Is 18 a multiple of 2?
True
Is 3950 a multiple of 46?
False
Is 57 a factor of 53935?
False
Is 49 a factor of 1862?
True
Is 22 a factor of 748?
True
Does 4 divide 2710?
False
Is 117 a factor of 702?
True
Is 143 a factor of 24375?
False
Is 27 a factor of 426?
False
Is 29 a factor of 2330?
False
Does 39 divide 82?
False
Does 15 divide 11220?
True
Is 73 a multiple of 5?
False
Is 35 a factor of 9628?
False
Does 10 divide 8330?
True
Is 41 a factor of 82?
True
Is 103 a factor of 25647?
True
Does 92 divide 1296?
False
Is 18285 a multiple of 115?
True
Is 7559 a multiple of 35?
False
Is 117 a factor of 24687?
True
Does 134 divide 68340?
True
Is 40 a factor of 8240?
True
Does 21 divide 4326?
True
Is 2116 a multiple of 23?
True
Is 3175 a multiple of 25?
True
Is 1960 a multiple of 28?
True
Is 72 a multiple of 5?
False
Does 209 divide 44213?
False
Does 6 divide 198?
True
Does 45 divide 4779?
False
Is 38 a factor of 19912?
True
Is 2415 a multiple of 56?
False
Is 197 a multiple of 16?
False
Is 49608 a multiple of 104?
True
Is 715 a multiple of 56?
False
Is 5 a factor of 385?
True
Does 10 divide 42180?
True
Is 6317 a multiple of 19?
False
Is 850 a multiple of 11?
False
Is 5 a factor of 260?
True
Is 25694 a multiple of 3?
False
Does 7 divide 4991?
True
Is 417 a multiple of 2?
False
Does 6 divide 2028?
True
Does 10 divide 10395?
False
Is 8 a factor of 150?
False
Is 22 a factor of 4840?
True
Is 828 a multiple of 4?
True
Is 4 a factor of 2048?
True
Does 69 divide 6417?
True
Does 19 divide 1952?
False
Is 95 a factor of 41800?
True
Is 59 a factor of 1357?
True
Is 3014 a multiple of 9?
False
Is 3861 a multiple of 9?
True
Is 56 a factor of 11424?
True
Is 1175 a multiple of 27?
False
Is 50 a factor of 3356?
False
Is 3 a factor of 547?
False
Is 11 a factor of 697?
False
Does 9 divide 104141?
False
Does 17 divide 4878?
False
Is 1400 a multiple of 13?
False
Is 75 a factor of 68662?
False
Does 42 divide 6443?
False
Is 12726 a multiple of 42?
True
Is 7 a factor of 22895?
False
Is 10545 a multiple of 19?
True
Is 100233 a multiple of 7?
True
Is 22473 a multiple of 99?
True
Is 602 a multiple of 7?
True
Is 7 a factor of 623?
True
Is 58422 a multiple of 26?
True
Is 51 a factor of 25823?
False
Is 63 a factor of 94496?
False
Does 85 divide 11737?
False
Is 10980 a multiple of 60?
True
Does 151 divide 5534?
False
Is 7787 a multiple of 13?
True
Is 2385 a multiple of 46?
False
Does 11 divide 334?
False
Does 14 divide 3101?
False
Does 15 divide 22050?
True
Is 19407 a multiple of 74?
False
Is 12 a factor of 228?
True
Does 85 divide 9329?
False
Is 1688 a multiple of 8?
True
Does 7 divide 335?
False
Is 70 a factor of 5810?
True
Is 52 a factor of 665?
False
Is 47196 a multiple of 70?
False
Is 8720 a multiple of 51?
False
Does 310 divide 37783?
False
Is 24 a factor of 388?
False
Does 14 divide 182?
True
Does 25 divide 425?
True
Is 69 a factor of 10481?
False
Is 11427 a multiple of 4?
False
Is 3026 a multiple of 17?
True
Is 28535 a multiple of 23?
False
Does 130 divide 2080?
True
Is 2 a factor of 6624?
True
Is 14 a factor of 210?
True
Is 129 a factor of 14061?
True
Is 10246 a multiple of 47?
True
Does 37 divide 20424?
True
Is 201 a multiple of 3?
True
Is 2737 a multiple of 23?
True
Is 24502 a multiple of 121?
False
Is 623 a multiple of 64?
False
Is 706 a multiple of 23?
False
Is 8 a factor of 61?
False
Does 16 divide 2054?
False
Does 15 divide 35171?
False
Is 16 a factor of 1010?
False
Does 32 divide 17647?
False
Is 40950 a multiple of 7?
True
Is 93 a factor of 951?
False
Is 101 a factor of 32314?
False
Does 4 divide 32?
True
Is 1404 a multiple of 4?
True
Does 8 divide 1208?
True
Is 4 a factor of 744?
True
Does 16 divide 93?
False
Is 8217 a multiple of 33?
True
Is 868 a multiple of 28?
True
Does 7 divide 172?
False
Does 27 divide 1350?
True
Is 671 a multiple of 61?
True
Does 5 divide 2005?
True
Is 9 a factor of 213?
False
Is 22914 a multiple of 18?
True
Does 74 divide 54389?
False
Is 1176 a multiple of 28?
True
Is 32 a multiple of 16?
True
Does 41 divide 32161?
False
Does 55 